{"id":232,"date":"2015-05-15T22:37:13","date_gmt":"2015-05-15T21:37:13","guid":{"rendered":"http:\/\/www.histoiresgalantes.fr\/blog\/?page_id=232"},"modified":"2018-10-21T21:46:14","modified_gmt":"2018-10-21T20:46:14","slug":"test","status":"publish","type":"page","link":"https:\/\/www.histoiresgalantes.fr\/blog\/presentation\/test\/","title":{"rendered":"Couleur XVIIIe"},"content":{"rendered":"<p>Lorraine insolite et galante du XVIIIe si\u00e8cle,<\/p>\n<p>Les nombreux artistes et intellectuels de la cour de Lun\u00e9ville continuent de nous \u00e9blouir en France et en Europe mais restent souvent pour la plupart m\u00e9connus dans leur propre r\u00e9gion.<br \/>\nHistoires Galantes est un webzine qui collecte toutes sortes d\u2019anecdotes actuelles ou pass\u00e9es pour faire revivre la cour de Lorraine et mettre en avant les acteurs de la vie culturelle et publique de Nancy, Metz, Lun\u00e9ville, Epinal\u2026et les suivre \u00e0 Paris, Bruxelles, Saint Petersbourg, Edimbourg\u2026<\/p>\n<p>D\u00e9couvrez les histoires insolites et souvent m\u00e9connues de la Lorraine au XVIIIe si\u00e8cle en consultant les nombreux articles de ce blog. Au XVIIIe si\u00e8cle, la cour des deux derniers ducs de Lorraine n&#8217;a rien \u00e0 envier \u00e0 celle de Versailles, entre froufrous et potins, les intrigues se jouent et se d\u00e9jouent au sein de cette petite cour &#8220;joviale et bon enfant&#8221;\u2026<\/p>\n","protected":false},"excerpt":{"rendered":"<p>Lorraine insolite et galante du XVIIIe si\u00e8cle, Les nombreux artistes et intellectuels de la cour de Lun\u00e9ville continuent de nous \u00e9blouir en France et en Europe mais restent souvent pour la plupart m\u00e9connus dans leur propre r\u00e9gion. Histoires Galantes est un webzine qui collecte toutes sortes d\u2019anecdotes actuelles ou pass\u00e9es pour faire revivre la cour [&hellip;]<\/p>\n","protected":false},"author":1,"featured_media":0,"parent":2,"menu_order":1,"comment_status":"closed","ping_status":"closed","template":"","meta":{"om_disable_all_campaigns":false,"_monsterinsights_skip_tracking":false,"_monsterinsights_sitenote_active":false,"_monsterinsights_sitenote_note":"","_monsterinsights_sitenote_category":0,"_s2mail":"","footnotes":""},"class_list":["post-232","page","type-page","status-publish","hentry"],"aioseo_notices":[],"_links":{"self":[{"href":"https:\/\/www.histoiresgalantes.fr\/blog\/wp-json\/wp\/v2\/pages\/232","targetHints":{"allow":["GET"]}}],"collection":[{"href":"https:\/\/www.histoiresgalantes.fr\/blog\/wp-json\/wp\/v2\/pages"}],"about":[{"href":"https:\/\/www.histoiresgalantes.fr\/blog\/wp-json\/wp\/v2\/types\/page"}],"author":[{"embeddable":true,"href":"https:\/\/www.histoiresgalantes.fr\/blog\/wp-json\/wp\/v2\/users\/1"}],"replies":[{"embeddable":true,"href":"https:\/\/www.histoiresgalantes.fr\/blog\/wp-json\/wp\/v2\/comments?post=232"}],"version-history":[{"count":18,"href":"https:\/\/www.histoiresgalantes.fr\/blog\/wp-json\/wp\/v2\/pages\/232\/revisions"}],"predecessor-version":[{"id":27563,"href":"https:\/\/www.histoiresgalantes.fr\/blog\/wp-json\/wp\/v2\/pages\/232\/revisions\/27563"}],"up":[{"embeddable":true,"href":"https:\/\/www.histoiresgalantes.fr\/blog\/wp-json\/wp\/v2\/pages\/2"}],"wp:attachment":[{"href":"https:\/\/www.histoiresgalantes.fr\/blog\/wp-json\/wp\/v2\/media?parent=232"}],"curies":[{"name":"wp","href":"https:\/\/api.w.org\/{rel}","templated":true}]}}